a factor of 29719?
False
Is 105141 a multiple of 32?
False
Does 148 divide 1371664?
True
Is 22 a factor of 5629730?
False
Is 55566 a multiple of 98?
True
Does 10 divide 335519?
False
Is 5413840 a multiple of 376?
False
Does 13 divide 1470573?
True
Is 5628829 a multiple of 1885?
False
Is 13 a factor of 5877?
False
Does 8 divide 993936?
True
Does 11 divide 5148821?
False
Is 11 a factor of 49292?
False
Is 38 a factor of 214320?
True
Is 693 a factor of 652113?
True
Does 8 divide 19380?
False
Does 13 divide 253836?
False
Is 11 a factor of 5376?
False
Does 436 divide 668655?
False
Is 208 a factor of 195936?
True
Is 39 a factor of 3341598?
True
Is 10496226 a multiple of 106?
True
Is 28 a factor of 724500?
True
Is 2490768 a multiple of 72?
True
Does 28 divide 848596?
True
Is 133 a factor of 136911?
False
Is 12655123 a multiple of 13?
True
Does 54 divide 2416636?
False
Is 9656 a multiple of 142?
True
Is 68292 a multiple of 18?
True
Does 11 divide 24431935?
True
Does 153 divide 154433?
False
Is 17 a factor of 8390612?
False
Is 280 a factor of 4728944?
False
Is 11914 a multiple of 36?
False
Does 24 divide 456960?
True
Is 31860 a multiple of 540?
True
Is 10441158 a multiple of 14?
True
Does 16 divide 224132?
False
Is 1045020 a multiple of 6?
True
Does 10 divide 384434?
False
Is 2086392 a multiple of 578?
False
Does 141 divide 438792?
True
Is 27 a factor of 62879?
False
Does 19 divide 96961?
False
Does 136 divide 100640?
True
Does 20 divide 1414360?
True
Is 124 a factor of 136276?
True
Is 198404 a multiple of 257?
True
Is 20 a factor of 1185842?
False
Is 173740 a multiple of 73?
True
Is 2 a factor of 1938568?
True
Is 115 a factor of 129145?
True
Is 68 a factor of 475320?
True
Does 3 divide 8163?
True
Is 105 a factor of 15540?
True
Is 2240381 a multiple of 13?
True
Is 30 a factor of 5885678?
False
Does 30 divide 1898524?
False
Is 11905851 a multiple of 372?
False
Is 490158 a multiple of 626?
True
Is 2194920 a multiple of 126?
True
Does 858 divide 1019048?
False
Does 14 divide 17757192?
False
Is 50 a factor of 55650?
True
Does 41 divide 820238?
False
Is 135 a factor of 450360?
True
Is 79 a factor of 5273803?
True
Is 13 a factor of 2045119?
False
Is 21 a factor of 18552?
False
Does 4 divide 242339?
False
Is 509 a factor of 1558825?
False
Is 67402 a multiple of 67?
True
Is 72700 a multiple of 100?
True
Is 70219 a multiple of 7?
False
Does 7 divide 1706446?
True
Does 604 divide 623328?
True
Is 399439 a multiple of 6?
False
Does 10 divide 831416?
False
Is 1276273 a multiple of 1432?
False
Is 127 a factor of 3847338?
True
Is 17 a factor of 1043562?
True
Does 8 divide 63648?
True
Is 85 a factor of 1018836?
False
Is 10623 a multiple of 3?
True
Is 624 a multiple of 48?
True
Is 5 a factor of 75330?
True
Does 787 divide 31923868?
True
Is 348726 a multiple of 6?
True
Is 4 a factor of 143303?
False
Does 2 divide 2705591?
False
Is 90638 a multiple of 6?
False
Does 376 divide 3706984?
True
Is 2658079 a multiple of 416?
False
Is 6 a factor of 26748?
True
Does 133 divide 1341347?
False
Is 463 a factor of 1506602?
True
Is 13 a factor of 6752213?
True
Is 11 a factor of 49154?
False
Is 6 a factor of 41644?
False
Is 33 a factor of 7913?
False
Is 287360 a multiple of 32?
True
Is 9687543 a multiple of 201?
False
Is 688 a factor of 1674450?
False
Is 93 a factor of 713170?
False
Is 16 a factor of 316272?
True
Does 40 divide 138000?
True
Does 3 divide 141319?
False
Is 312 a factor of 526656?
True
Does 394 divide 308517?
False
Is 83873 a multiple of 112?
False
Is 339077 a multiple of 5?
False
Does 2 divide 164061?
False
Is 87 a factor of 2525699?
False
Does 8 divide 12642288?
True
Is 13 a factor of 3307708?
False
Is 449350 a multiple of 43?
True
Is 101 a factor of 150655?
False
Is 89 a factor of 435661?
False
Is 2271228 a multiple of 47?
True
Does 5 divide 641934?
False
Is 2 a factor of 551067?
False
Does 13 divide 970710?
True
Is 399645 a multiple of 159?
False
Is 1101 a factor of 6654444?
True
Is 73 a factor of 271319?
False
Does 441 divide 8799927?
False
Is 88 a factor of 143852?
False
Does 86 divide 21844?
True
Is 782 a factor of 93058?
True
Is 7 a factor of 1191753?
False
Does 152 divide 1511032?
True
Is 338896 even?
True
Is 13 a factor of 712049?
True
Is 12371736 a multiple of 741?
True
Is 75 a factor of 376661?
False
Is 493 a factor of 167790?
False
Does 93 divide 1709154?
True
Is 679 a factor of 284649?
False
Is 17 a factor of 184230?
False
Is 104239 a multiple of 2?
False
Is 39 a factor of 818313?
False
Does 337 divide 687719?
False
Is 467406 a multiple of 434?
False
Is 6789696 a multiple of 18?
False
Does 710 divide 2707546?
False
Is 281 a factor of 423703?
False
Is 921196 a multiple of 17?
True
Is 38532 a multiple of 39?
True
Is 399 a factor of 36708?
True
Is 226341 a multiple of 174?
False
Is 17 a factor of 6670588?
False
Is 1112701 a multiple of 37?
True
Does 288 divide 1725120?
True
Is 805935 a multiple of 46?
False
Does 149 divide 4488668?
False
Is 738653 a multiple of 251?
False
Is 213 a factor of 1470801?
False
Does 11 divide 484770?
True
Does 8 divide 1977584?
True
Is 143350 a multiple of 33?
False
Is 168 a factor of 36793101?
False
Is 15 a factor of 1869015?
True
Is 73 a factor of 811287?
False
Does 454 divide 1584006?
True
Is 148962 a multiple of 11?
True
Does 10 divide 3706?
False
Is 4865075 a multiple of 14?
False
Is 136 a factor of 2509744?
True
Is 21 a factor of 26166?
True
Does 4 divide 328674?
False
Is 1508319 a multiple of 76?
False
Is 7 a factor of 409534?
False
Is 348409 a multiple of 136?
False
Is 24 a factor of 509?
False
Is 5009856 a multiple of 96?
True
Is 144 a factor of 15939316?
False
Does 2 divide 14912?
True
Does 15 divide 5457945?
True
Is 253 a factor of 11994224?
True
Does 284 divide 3347057?
False
Is 284142 a multiple of 69?
True
Is 578640 a multiple of 60?
True
Does 4 divide 46140?
True
Is 3291327 a multiple of 109?
False
Is 901 a factor of 3903132?
True
Is 22 a factor of 548922?
True
Is 2547270 a multiple of 18?
True
Is 118 a factor of 250906?
False
Is 208143 a multiple of 39?
True
Is 3 a factor of 103997?
False
Is 7325945 a multiple of 55?
True
Is 286 a factor of 29088?
False
Does 258 divide 7704587?
False
Is 165476 a multiple of 12?
False
Is 52172 a multiple of 36?
False
Is 12 a factor of 693453?
False
Is 3603885 a multiple of 193?
False
Does 830 divide 1552281?
False
Is 50 a factor of 16579650?
True
Is 176 a factor of 63536?
True
Is 269892 a multiple of 154?
False
Is 149 a factor of 59314?
False
Is 11 a factor of 67340?
False
Is 1591894 a multiple of 29?
False
Does 56 divide 7735672?
True
Does 25 divide 4720173?
False
Is 3757324 a multiple of 186?
False
Does 5 divide 51388?
False
Is 71700 a multiple of 43?
False
Does 12 divide 174216?
True
Is 8 a factor of 900256?
True
Is 204292 a multiple of 72?
False
Does 74 divide 755170?
True
Is 514 a factor of 3286095?
False
Does 188 divide 3573504?
True
Is 459 a factor of 1112157?
True
Does 24 divide 2406696?
True
Is 550256 a multiple of 53?
False
Does 17 divide 2794936?
True
Is 4720587 a multiple of 145?
False
Does 25 divide 18000?
True
Is 55 a factor of 1022450?
True
Is 5000188 a multiple of 870?
False
Is 10 a factor of 680720?
True
Is 63 a factor of 5105898?
True
Is 7 a factor of 4475002?
True
Does 417 divide 198225?
False
Is 278165 a multiple of 18?
False
Is 259 a factor of 783240?
False
Is 8 a factor of 148352?
True
Does 456 divide 53044?
False
Is 11 a factor of 424534?
True
Is 85 a factor of 169830?
True
Is 3 a factor of 183609?
True
Is 21 a factor of 669921?
True
Is 253920 a multiple of 160?
True
Is 1297 a factor of 3265613?
False
Does 22 divide 80014?
True
Does 3 divide 2474?
False
Does 32 divide 1077947?
False
Does 17 divide 125468?
False
Is 77423 a multiple of 289?
False
Does 356 divide 132788?
True
Does 104 divide 21398?
False
Is 2 a factor of 2037?
False
Is 5 a factor of 159296?
False
Is 13181183 a multiple of 7?
False
Is 181335 a multiple of 11?
True
Is 522 a factor of 8152887?
False
Is 647 a factor of 401140?
True
Is 516 a factor of 5044241?
False
Does 41 divide 535419?
True
Is 226501 a multiple of 380?
False
Does 92 divide 155929?
False
Is 11160 a multiple of 31?
True
Is 1074 a factor of 4112381?
False
Is 206 a factor of 2754632?
True
Is 12 a factor of 802889?
False
Does 11 divid